[INFO] cloning repository https://github.com/vrcod/rust-twitter-streaming
[INFO] running `Command { std: "git" "-c" "credential.helper=" "-c" "credential.helper=/workspace/cargo-home/bin/git-credential-null" "clone" "--bare" "https://github.com/vrcod/rust-twitter-streaming" "/workspace/cache/git-repos/https%3A%2F%2Fgithub.com%2Fvrcod%2Frust-twitter-streaming", kill_on_drop: false }`
[INFO] [stderr] Cloning into bare repository '/workspace/cache/git-repos/https%3A%2F%2Fgithub.com%2Fvrcod%2Frust-twitter-streaming'...
[INFO] running `Command { std: "git" "rev-parse" "HEAD", kill_on_drop: false }`
[INFO] [stdout] 4194bb948414b290c0b5ea41a4a19fa80ad87f14
[INFO] checking vrcod/rust-twitter-streaming against master#af3c6e733a40e671550e0f0f5aeecaa13772ba56 for pr-74989
[INFO] running `Command { std: "git" "clone" "/workspace/cache/git-repos/https%3A%2F%2Fgithub.com%2Fvrcod%2Frust-twitter-streaming" "/workspace/builds/worker-1/source", kill_on_drop: false }`
[INFO] [stderr] Cloning into '/workspace/builds/worker-1/source'...
[INFO] [stderr] done.
[INFO] validating manifest of git repo https://github.com/vrcod/rust-twitter-streaming on toolchain af3c6e733a40e671550e0f0f5aeecaa13772ba56
[INFO] running `Command { std: "/workspace/cargo-home/bin/cargo" "+af3c6e733a40e671550e0f0f5aeecaa13772ba56" "read-manifest" "--manifest-path" "Cargo.toml", kill_on_drop: false }`
[INFO] started tweaking git repo https://github.com/vrcod/rust-twitter-streaming
[INFO] finished tweaking git repo https://github.com/vrcod/rust-twitter-streaming
[INFO] tweaked toml for git repo https://github.com/vrcod/rust-twitter-streaming written to /workspace/builds/worker-1/source/Cargo.toml
[INFO] crate git repo https://github.com/vrcod/rust-twitter-streaming already has a lockfile, it will not be regenerated
[INFO] running `Command { std: "/workspace/cargo-home/bin/cargo" "+af3c6e733a40e671550e0f0f5aeecaa13772ba56" "fetch" "--locked" "--manifest-path" "Cargo.toml", kill_on_drop: false }`
[INFO] [stderr] error: the lock file /workspace/builds/worker-1/source/Cargo.lock needs to be updated but --locked was passed to prevent this
[INFO] [stderr] If you want to try to generate the lock file without accessing the network, use the --offline flag.
[INFO] the lockfile is outdated, regenerating it
[INFO] running `Command { std: "/workspace/cargo-home/bin/cargo" "+af3c6e733a40e671550e0f0f5aeecaa13772ba56" "generate-lockfile" "--manifest-path" "Cargo.toml" "-Zno-index-update", kill_on_drop: false }`
[INFO] running `Command { std: "/workspace/cargo-home/bin/cargo" "+af3c6e733a40e671550e0f0f5aeecaa13772ba56" "fetch" "--locked" "--manifest-path" "Cargo.toml", kill_on_drop: false }`
[INFO] running `Command { std: "docker" "create" "-v" "/var/lib/crater-agent-workspace/builds/worker-1/target:/opt/rustwide/target:rw,Z" "-v" "/var/lib/crater-agent-workspace/builds/worker-1/source:/opt/rustwide/workdir:ro,Z" "-v" "/var/lib/crater-agent-workspace/cargo-home:/opt/rustwide/cargo-home:ro,Z" "-v" "/var/lib/crater-agent-workspace/rustup-home:/opt/rustwide/rustup-home:ro,Z" "-e" "SOURCE_DIR=/opt/rustwide/workdir" "-e" "CARGO_TARGET_DIR=/opt/rustwide/target" "-e" "CARGO_HOME=/opt/rustwide/cargo-home" "-e" "RUSTUP_HOME=/opt/rustwide/rustup-home" "-w" "/opt/rustwide/workdir" "-m" "1610612736" "--user" "0:0" "--network" "none" "rustops/crates-build-env@sha256:d92eaeed33fa75130ca1ee6c8a01d1ffb62bac859dfdfb3450e3e5d1c0146529" "/opt/rustwide/cargo-home/bin/cargo" "+af3c6e733a40e671550e0f0f5aeecaa13772ba56" "metadata" "--no-deps" "--format-version=1", kill_on_drop: false }`
[INFO] [stderr] WARNING: Your kernel does not support swap limit capabilities or the cgroup is not mounted. Memory limited without swap.
[INFO] [stdout] 1af217c6e43142f18e4f0339c2d08a526b66c126e9e9201c903d01fc76d79e42
[INFO] running `Command { std: "docker" "start" "-a" "1af217c6e43142f18e4f0339c2d08a526b66c126e9e9201c903d01fc76d79e42", kill_on_drop: false }`
[INFO] running `Command { std: "docker" "inspect" "1af217c6e43142f18e4f0339c2d08a526b66c126e9e9201c903d01fc76d79e42", kill_on_drop: false }`
[INFO] running `Command { std: "docker" "rm" "-f" "1af217c6e43142f18e4f0339c2d08a526b66c126e9e9201c903d01fc76d79e42", kill_on_drop: false }`
[INFO] [stdout] 1af217c6e43142f18e4f0339c2d08a526b66c126e9e9201c903d01fc76d79e42
[INFO] running `Command { std: "docker" "create" "-v" "/var/lib/crater-agent-workspace/builds/worker-1/target:/opt/rustwide/target:rw,Z" "-v" "/var/lib/crater-agent-workspace/builds/worker-1/source:/opt/rustwide/workdir:ro,Z" "-v" "/var/lib/crater-agent-workspace/cargo-home:/opt/rustwide/cargo-home:ro,Z" "-v" "/var/lib/crater-agent-workspace/rustup-home:/opt/rustwide/rustup-home:ro,Z" "-e" "SOURCE_DIR=/opt/rustwide/workdir" "-e" "CARGO_TARGET_DIR=/opt/rustwide/target" "-e" "CARGO_INCREMENTAL=0" "-e" "RUST_BACKTRACE=full" "-e" "RUSTFLAGS=--cap-lints=forbid" "-e" "CARGO_HOME=/opt/rustwide/cargo-home" "-e" "RUSTUP_HOME=/opt/rustwide/rustup-home" "-w" "/opt/rustwide/workdir" "-m" "1610612736" "--user" "0:0" "--network" "none" "rustops/crates-build-env@sha256:d92eaeed33fa75130ca1ee6c8a01d1ffb62bac859dfdfb3450e3e5d1c0146529" "/opt/rustwide/cargo-home/bin/cargo" "+af3c6e733a40e671550e0f0f5aeecaa13772ba56" "check" "--frozen" "--all" "--all-targets" "--message-format=json", kill_on_drop: false }`
[INFO] [stdout] 88c89ef5c14112f30574e25b8c0eac2a205f3ea35658979feb94453fe05b7f84
[INFO] [stderr] WARNING: Your kernel does not support swap limit capabilities or the cgroup is not mounted. Memory limited without swap.
[INFO] running `Command { std: "docker" "start" "-a" "88c89ef5c14112f30574e25b8c0eac2a205f3ea35658979feb94453fe05b7f84", kill_on_drop: false }`
[INFO] [stderr]    Compiling syn v1.0.41
[INFO] [stderr]     Checking matches v0.1.8
[INFO] [stderr]    Compiling memchr v2.3.3
[INFO] [stderr]     Checking slab v0.4.2
[INFO] [stderr]    Compiling httparse v1.3.4
[INFO] [stderr]     Checking hashbrown v0.9.0
[INFO] [stderr]     Checking percent-encoding v1.0.1
[INFO] [stderr]     Checking percent-encoding v2.1.0
[INFO] [stderr]     Checking tracing-core v0.1.16
[INFO] [stderr]     Checking futures-channel v0.3.5
[INFO] [stderr]     Checking http v0.2.1
[INFO] [stderr]    Compiling indexmap v1.6.0
[INFO] [stderr]    Compiling rust-crypto v0.2.36
[INFO] [stderr]     Checking log v0.4.11
[INFO] [stderr]    Compiling proc-macro2 v1.0.21
[INFO] [stderr]     Checking iovec v0.1.4
[INFO] [stderr]     Checking net2 v0.2.35
[INFO] [stderr]     Checking rand v0.4.6
[INFO] [stderr]     Checking socket2 v0.3.15
[INFO] [stderr]     Checking unicode-bidi v0.3.4
[INFO] [stderr]     Checking want v0.3.0
[INFO] [stderr]     Checking mio v0.6.22
[INFO] [stderr]     Checking tracing v0.1.19
[INFO] [stderr]     Checking idna v0.1.5
[INFO] [stderr]     Checking idna v0.2.0
[INFO] [stderr]    Compiling quote v1.0.7
[INFO] [stderr]     Checking rand v0.3.23
[INFO] [stderr]     Checking url v1.7.2
[INFO] [stderr]     Checking url v2.1.1
[INFO] [stderr]     Checking tokio v0.2.22
[INFO] [stderr]     Checking http-body v0.3.1
[INFO] [stderr]     Checking tokio-util v0.3.1
[INFO] [stderr]     Checking oauthcli v1.0.4
[INFO] [stderr]    Compiling pin-project-internal v0.4.23
[INFO] [stderr]     Checking pin-project v0.4.23
[INFO] [stderr]     Checking futures-util v0.3.5
[INFO] [stderr]     Checking h2 v0.2.6
[INFO] [stderr]     Checking hyper v0.13.7
[INFO] [stderr]     Checking rust-twitter-stream v0.1.0 (/opt/rustwide/workdir)
[INFO] [stdout] error[E0432]: unresolved import `hyper::header::Headers`
[INFO] [stdout]  --> src/main.rs:9:5
[INFO] [stdout]   |
[INFO] [stdout] 9 | use hyper::header::Headers;
[INFO] [stdout]   |     ^^^^^^^^^^^^^^^^^^^^^^ no `Headers` in `header`
[INFO] [stdout] 
[INFO] [stdout] 
[INFO] [stdout] error: cannot find macro `header` in this scope
[INFO] [stdout]   --> src/main.rs:13:1
[INFO] [stdout]    |
[INFO] [stdout] 13 | header! { (Authorization, "Authorization") => [String] }
[INFO] [stdout]    | ^^^^^^
[INFO] [stdout] 
[INFO] [stdout] 
[INFO] [stdout] error: cannot find macro `header` in this scope
[INFO] [stdout]   --> src/main.rs:14:1
[INFO] [stdout]    |
[INFO] [stdout] 14 | header! { (Accept, "Accept") => [String] }
[INFO] [stdout]    | ^^^^^^
[INFO] [stdout] 
[INFO] [stdout] 
[INFO] [stdout] error: cannot find macro `header` in this scope
[INFO] [stdout]   --> src/main.rs:15:1
[INFO] [stdout]    |
[INFO] [stdout] 15 | header! { (ContentType, "Content-Type") => [String] }
[INFO] [stdout]    | ^^^^^^
[INFO] [stdout] 
[INFO] [stdout] 
[INFO] [stdout] error[E0433]: failed to resolve: could not find `response` in `client`
[INFO] [stdout]   --> src/main.rs:54:26
[INFO] [stdout]    |
[INFO] [stdout] 54 |     let res: hyper::client::response::Response = client.post(url).headers(headers).body(&param_string).send().unwrap();
[INFO] [stdout]    |                             ^^^^^^^^ could not find `response` in `client`
[INFO] [stdout] 
[INFO] [stdout] 
[INFO] [stdout] error[E0425]: cannot find function, tuple struct or tuple variant `Authorization` in this scope
[INFO] [stdout]   --> src/main.rs:48:14
[INFO] [stdout]    |
[INFO] [stdout] 48 |     headers.set(Authorization(header.to_owned()));
[INFO] [stdout]    |                 ^^^^^^^^^^^^^ not found in this scope
[INFO] [stdout] 
[INFO] [stdout] 
[INFO] [stdout] error[E0425]: cannot find function, tuple struct or tuple variant `Accept` in this scope
[INFO] [stdout]   --> src/main.rs:49:14
[INFO] [stdout]    |
[INFO] [stdout] 49 |     headers.set(Accept("*/*".to_owned()));
[INFO] [stdout]    |                 ^^^^^^ not found in this scope
[INFO] [stdout] 
[INFO] [stdout] 
[INFO] [stdout] error[E0425]: cannot find function, tuple struct or tuple variant `ContentType` in this scope
[INFO] [stdout]   --> src/main.rs:50:14
[INFO] [stdout]    |
[INFO] [stdout] 50 |     headers.set(ContentType("application/x-www-form-urlencoded".to_owned()));
[INFO] [stdout]    |                 ^^^^^^^^^^^ not found in this scope
[INFO] [stdout] 
[INFO] [stdout] 
[INFO] [stdout] warning: unused `#[macro_use]` import
[INFO] [stdout]  --> src/main.rs:2:1
[INFO] [stdout]   |
[INFO] [stdout] 2 | #[macro_use] extern crate hyper;
[INFO] [stdout]   | ^^^^^^^^^^^^
[INFO] [stdout]   |
[INFO] [stdout]   = note: `#[warn(unused_imports)]` on by default
[INFO] [stdout] 
[INFO] [stdout] 
[INFO] [stdout] warning: use of deprecated function `oauthcli::authorization_header`: Use OAuthAuthorizationHeaderBuilder
[INFO] [stdout]   --> src/main.rs:29:15
[INFO] [stdout]    |
[INFO] [stdout] 29 |     let header = oauthcli::authorization_header(
[INFO] [stdout]    |                  ^^^^^^^^^^^^^^^^^^^^^^^^^^^^^^
[INFO] [stdout]    |
[INFO] [stdout]    = note: `#[warn(deprecated)]` on by default
[INFO] [stdout] 
[INFO] [stdout] 
[INFO] [stdout] warning: use of deprecated function `oauthcli::timestamp`
[INFO] [stdout]   --> src/main.rs:38:7
[INFO] [stdout]    |
[INFO] [stdout] 38 |         &oauthcli::timestamp(),
[INFO] [stdout]    |          ^^^^^^^^^^^^^^^^^^^
[INFO] [stdout] 
[INFO] [stdout] 
[INFO] [stdout] error[E0432]: unresolved import `hyper::header::Headers`
[INFO] [stdout]  --> src/main.rs:9:5
[INFO] [stdout]   |
[INFO] [stdout] 9 | use hyper::header::Headers;
[INFO] [stdout]   |     ^^^^^^^^^^^^^^^^^^^^^^ no `Headers` in `header`
[INFO] [stdout] 
[INFO] [stdout] 
[INFO] [stdout] error: cannot find macro `header` in this scope
[INFO] [stdout]   --> src/main.rs:13:1
[INFO] [stdout]    |
[INFO] [stdout] 13 | header! { (Authorization, "Authorization") => [String] }
[INFO] [stdout]    | ^^^^^^
[INFO] [stdout] 
[INFO] [stdout] 
[INFO] [stdout] error: cannot find macro `header` in this scope
[INFO] [stdout]   --> src/main.rs:14:1
[INFO] [stdout]    |
[INFO] [stdout] 14 | header! { (Accept, "Accept") => [String] }
[INFO] [stdout]    | ^^^^^^
[INFO] [stdout] 
[INFO] [stdout] 
[INFO] [stdout] error: cannot find macro `header` in this scope
[INFO] [stdout]   --> src/main.rs:15:1
[INFO] [stdout]    |
[INFO] [stdout] 15 | header! { (ContentType, "Content-Type") => [String] }
[INFO] [stdout]    | ^^^^^^
[INFO] [stdout] 
[INFO] [stdout] 
[INFO] [stdout] error[E0433]: failed to resolve: could not find `response` in `client`
[INFO] [stdout]   --> src/main.rs:54:26
[INFO] [stdout]    |
[INFO] [stdout] 54 |     let res: hyper::client::response::Response = client.post(url).headers(headers).body(&param_string).send().unwrap();
[INFO] [stdout]    |                             ^^^^^^^^ could not find `response` in `client`
[INFO] [stdout] 
[INFO] [stdout] 
[INFO] [stdout] error[E0425]: cannot find function, tuple struct or tuple variant `Authorization` in this scope
[INFO] [stdout]   --> src/main.rs:48:14
[INFO] [stdout]    |
[INFO] [stdout] 48 |     headers.set(Authorization(header.to_owned()));
[INFO] [stdout]    |                 ^^^^^^^^^^^^^ not found in this scope
[INFO] [stdout] 
[INFO] [stdout] 
[INFO] [stdout] error[E0425]: cannot find function, tuple struct or tuple variant `Accept` in this scope
[INFO] [stdout]   --> src/main.rs:49:14
[INFO] [stdout]    |
[INFO] [stdout] 49 |     headers.set(Accept("*/*".to_owned()));
[INFO] [stdout]    |                 ^^^^^^ not found in this scope
[INFO] [stdout] 
[INFO] [stdout] 
[INFO] [stdout] error[E0425]: cannot find function, tuple struct or tuple variant `ContentType` in this scope
[INFO] [stdout]   --> src/main.rs:50:14
[INFO] [stdout]    |
[INFO] [stdout] 50 |     headers.set(ContentType("application/x-www-form-urlencoded".to_owned()));
[INFO] [stdout]    |                 ^^^^^^^^^^^ not found in this scope
[INFO] [stdout] 
[INFO] [stdout] 
[INFO] [stdout] warning: unused `#[macro_use]` import
[INFO] [stdout]  --> src/main.rs:2:1
[INFO] [stdout]   |
[INFO] [stdout] 2 | #[macro_use] extern crate hyper;
[INFO] [stdout]   | ^^^^^^^^^^^^
[INFO] [stdout]   |
[INFO] [stdout]   = note: `#[warn(unused_imports)]` on by default
[INFO] [stdout] 
[INFO] [stdout] 
[INFO] [stdout] warning: use of deprecated function `oauthcli::authorization_header`: Use OAuthAuthorizationHeaderBuilder
[INFO] [stdout]   --> src/main.rs:29:15
[INFO] [stdout]    |
[INFO] [stdout] 29 |     let header = oauthcli::authorization_header(
[INFO] [stdout]    |                  ^^^^^^^^^^^^^^^^^^^^^^^^^^^^^^
[INFO] [stdout]    |
[INFO] [stdout]    = note: `#[warn(deprecated)]` on by default
[INFO] [stdout] 
[INFO] [stdout] 
[INFO] [stdout] warning: use of deprecated function `oauthcli::timestamp`
[INFO] [stdout]   --> src/main.rs:38:7
[INFO] [stdout]    |
[INFO] [stdout] 38 |         &oauthcli::timestamp(),
[INFO] [stdout]    |          ^^^^^^^^^^^^^^^^^^^
[INFO] [stdout] 
[INFO] [stdout] 
[INFO] [stdout] error[E0308]: mismatched types
[INFO] [stdout]   --> src/main.rs:31:6
[INFO] [stdout]    |
[INFO] [stdout] 31 |         url::Url::parse(url).unwrap(),
[INFO] [stdout]    |         ^^^^^^^^^^^^^^^^^^^^^^^^^^^^^ expected struct `url::Url`, found struct `Url`
[INFO] [stdout]    |
[INFO] [stdout]    = note: perhaps two different versions of crate `url` are being used?
[INFO] [stdout] 
[INFO] [stdout] 
[INFO] [stdout] error[E0308]: mismatched types
[INFO] [stdout]   --> src/main.rs:31:6
[INFO] [stdout]    |
[INFO] [stdout] 31 |         url::Url::parse(url).unwrap(),
[INFO] [stdout]    |         ^^^^^^^^^^^^^^^^^^^^^^^^^^^^^ expected struct `url::Url`, found struct `Url`
[INFO] [stdout]    |
[INFO] [stdout]    = note: perhaps two different versions of crate `url` are being used?
[INFO] [stdout] 
[INFO] [stdout] 
[INFO] [stdout] error[E0599]: no method named `post` found for struct `Client<HttpConnector>` in the current scope
[INFO] [stdout]   --> src/main.rs:54:54
[INFO] [stdout]    |
[INFO] [stdout] 54 |     let res: hyper::client::response::Response = client.post(url).headers(headers).body(&param_string).send().unwrap();
[INFO] [stdout]    |                                                         ^^^^ method not found in `Client<HttpConnector>`
[INFO] [stdout] 
[INFO] [stdout] 
[INFO] [stdout] error[E0599]: no method named `post` found for struct `Client<HttpConnector>` in the current scope
[INFO] [stdout]   --> src/main.rs:54:54
[INFO] [stdout]    |
[INFO] [stdout] 54 |     let res: hyper::client::response::Response = client.post(url).headers(headers).body(&param_string).send().unwrap();
[INFO] [stdout]    |                                                         ^^^^ method not found in `Client<HttpConnector>`
[INFO] [stdout] 
[INFO] [stdout] 
[INFO] [stdout] error: aborting due to 10 previous errors; 3 warnings emitted
[INFO] [stdout] 
[INFO] [stdout] 
[INFO] [stdout] Some errors have detailed explanations: E0308, E0425, E0432, E0433, E0599.
[INFO] [stdout] 
[INFO] [stdout] For more information about an error, try `rustc --explain E0308`.
[INFO] [stdout] 
[INFO] [stdout] error: aborting due to 10 previous errors; 3 warnings emitted
[INFO] [stdout] 
[INFO] [stdout] 
[INFO] [stdout] Some errors have detailed explanations: E0308, E0425, E0432, E0433, E0599.
[INFO] [stdout] 
[INFO] [stdout] For more information about an error, try `rustc --explain E0308`.
[INFO] [stdout] 
[INFO] [stderr] error: could not compile `rust-twitter-stream`.
[INFO] [stderr] 
[INFO] [stderr] To learn more, run the command again with --verbose.
[INFO] [stderr] warning: build failed, waiting for other jobs to finish...
[INFO] [stderr] error: build failed
[INFO] running `Command { std: "docker" "inspect" "88c89ef5c14112f30574e25b8c0eac2a205f3ea35658979feb94453fe05b7f84", kill_on_drop: false }`
[INFO] running `Command { std: "docker" "rm" "-f" "88c89ef5c14112f30574e25b8c0eac2a205f3ea35658979feb94453fe05b7f84", kill_on_drop: false }`
[INFO] [stdout] 88c89ef5c14112f30574e25b8c0eac2a205f3ea35658979feb94453fe05b7f84
